alse
Is 15925207 prime?
False
Is 20187929 a prime number?
False
Is 944369 a composite number?
False
Is 6376303 prime?
True
Is 41742821 a prime number?
True
Is 40599661 a prime number?
False
Is 392888183 composite?
False
Is 327680263 composite?
False
Is 3728357 a composite number?
False
Is 3913747 a prime number?
True
Is 4853791 a prime number?
True
Is 7365389 a prime number?
True
Is 6426253 prime?
False
Is 19901249 prime?
True
Is 879446 a prime number?
False
Is 736567 prime?
False
Is 44622443 a composite number?
False
Is 18632281 prime?
False
Is 727462 prime?
False
Is 153257 a prime number?
False
Is 65552633 a prime number?
False
Is 293893 prime?
True
Is 269106323 composite?
True
Is 25332521 prime?
False
Is 6291991 prime?
True
Is 157521373 a composite number?
False
Is 3955799 composite?
False
Is 3583523 a composite number?
True
Is 484399 prime?
False
Is 2215583 a prime number?
True
Is 20638979 a composite number?
True
Is 122731489 prime?
True
Is 39333023 a prime number?
False
Is 42819433 prime?
True
Is 71612537 composite?
True
Is 53586835 a composite number?
True
Is 4074467 prime?
False
Is 51763339 a prime number?
True
Is 7780963 a prime number?
True
Is 15339929 a prime number?
False
Is 1421681 prime?
False
Is 4572899 composite?
False
Is 363564497 a composite number?
True
Is 1900483 a prime number?
False
Is 20205973 prime?
False
Is 19443349 prime?
False
Is 597772859 a prime number?
True
Is 7405289 composite?
True
Is 8703719 a composite number?
False
Is 22680043 a prime number?
True
Is 286879 a prime number?
False
Is 513344669 a composite number?
True
Is 2504717 a composite number?
False
Is 6625481 prime?
True
Is 5237507 a prime number?
False
Is 620813 prime?
True
Is 2532229 composite?
True
Is 1616269 a composite number?
False
Is 62859607 composite?
False
Is 3941711 prime?
True
Is 6480869 a prime number?
True
Is 48572887 prime?
False
Is 3165829 prime?
True
Is 6261127 a composite number?
True
Is 2704315 prime?
False
Is 1756768969 a composite number?
False
Is 870517 composite?
False
Is 381913 a prime number?
False
Is 11013385 a prime number?
False
Is 47260621 composite?
False
Is 5937423 prime?
False
Is 16716431 a composite number?
False
Is 9737701 prime?
True
Is 1321880005 composite?
True
Is 38091137 composite?
True
Is 205668313 a prime number?
True
Is 821207 prime?
True
Is 25083389 a prime number?
False
Is 1020563 a composite number?
True
Is 517045 composite?
True
Is 13907771 a composite number?
False
Is 648859 prime?
True
Is 794573 composite?
True
Is 160533179 a prime number?
True
Is 38061007 composite?
True
Is 6866329 composite?
False
Is 3578951 composite?
False
Is 2201027 a composite number?
True
Is 9444887 a composite number?
False
Is 10482629 prime?
True
Is 98932403 composite?
True
Is 3464759 a prime number?
False
Is 19103503 prime?
True
Is 40641817 a prime number?
False
Is 575574133 prime?
True
Is 307777883 a composite number?
True
Is 1756817 a composite number?
False
Is 563231 a prime number?
False
Is 1543 a composite number?
False
Is 1198793 composite?
False
Is 68514113 a prime number?
True
Is 1277249 composite?
False
Is 2629433 prime?
True
Is 565049605 a composite number?
True
Is 54548077 composite?
True
Is 9843863 a composite number?
False
Is 166392619 prime?
True
Is 334000397 prime?
True
Is 32482777 composite?
False
Is 232096927 a prime number?
True
Is 5405018 prime?
False
Is 247336579 composite?
True
Is 127594643 a composite number?
True
Is 387377499 a composite number?
True
Is 1986679 prime?
True
Is 34734589 a composite number?
False
Is 43597417 a composite number?
True
Is 2140729 a composite number?
False
Is 1884947 prime?
True
Is 81870518 prime?
False
Is 1579159 a composite number?
True
Is 99612521 prime?
True
Is 211362889 a prime number?
False
Is 39690593 a prime number?
True
Is 163947571 a composite number?
False
Is 9769531 prime?
True
Is 4843913 composite?
False
Is 74733503 a prime number?
False
Is 86777211 prime?
False
Is 28292297 a composite number?
True
Is 6560717 a composite number?
False
Is 15443503 a composite number?
False
Is 53176973 a composite number?
True
Is 164471699 a composite number?
True
Is 21325385 a prime number?
False
Is 3882827 composite?
True
Is 1215589 a prime number?
False
Is 41751139 a prime number?
True
Is 10333343 a prime number?
False
Is 326057 prime?
True
Is 46931377 a prime number?
False
Is 226751849 prime?
True
Is 2607182 composite?
True
Is 8408399 composite?
False
Is 54502307 a prime number?
False
Is 1550963 a composite number?
False
Is 8115671 prime?
True
Is 77939 composite?
True
Is 4313849 composite?
False
Is 497657123 composite?
False
Is 558471 prime?
False
Is 4657279 a prime number?
False
Is 12222257 a composite number?
False
Is 3823711 composite?
False
Is 7201267 prime?
True
Is 410734101 a composite number?
True
Is 31574021 prime?
True
Is 79609849 a composite number?
True
Is 179371007 composite?
False
Is 4850819 a prime number?
True
Is 22961 a prime number?
True
Is 98647421 composite?
False
Is 11846647 composite?
False
Is 26309893 composite?
False
Is 27113699 prime?
True
Is 181075201 composite?
False
Is 12665293 composite?
False
Is 1178881 a composite number?
True
Is 3400043 a composite number?
False
Is 635053 a prime number?
False
Is 95138011 a composite number?
True
Is 453269 a composite number?
False
Is 43154071 a composite number?
False
Is 44174341 composite?
False
Is 2585623 a prime number?
True
Is 1269001 a composite number?
False
Is 7600613 a prime number?
True
Is 2307449 a prime number?
True
Is 30842897 a composite number?
True
Is 177551989 a composite number?
False
Is 351084017 a prime number?
False
Is 543217397 composite?
False
Is 62787889 a prime number?
True
Is 610817 prime?
True
Is 4993741 prime?
True
Is 49982169 a prime number?
False
Is 53759 a prime number?
True
Is 5365385 a composite number?
True
Is 327758447 a prime number?
True
Is 23880623 prime?
False
Is 26576941 composite?
True
Is 4823201 a prime number?
True
Is 309044807 a prime number?
True
Is 8290987 a composite number?
False
Is 76877917 prime?
True
Is 1660233 composite?
True
Is 38714215 composite?
True
Is 4774379 composite?
False
Is 12340927 a prime number?
False
Is 21334001 a prime number?
False
Is 26722271 composite?
False
Is 40042594 prime?
False
Is 12350641 prime?
True
Is 51769097 a composite number?
True
Is 8639999 prime?
False
Is 25136869 composite?
True
Is 2154817 a composite number?
True
Is 438332933 composite?
False
Is 2616647 prime?
False
Is 26274749 a prime number?
True
Is 2113703 prime?
True
Is 1094293 a prime number?
True
Is 167461579 a prime number?
True
Is 106351277 a composite number?
False
Is 33712949 prime?
True
Is 534867479 a prime number?
True
Is 76283077 a prime number?
False
Is 2759153 a composite number?
False
Is 85777073 a prime number?
True
Is 854137 a composite number?
True
Is 222193019 a composite number?
False
Is 6439071 prime?
False
Is 1145273 prime?
False
Is 2566859 composite?
False
Is 9888121 a composite number?
False
Is 2114461 a composite number?
False
Is 54937937 prime?
True
Is 65864767 a composite number?
False
Is 275227 composite?
False
Is 9170611 a composite number?
False
Is 197549459 prime?
True
Is 3045797 a composite number?
False
Is 23192419 a prime number?
True
Is 168830819 a prime number?
True
Is 4662263 prime?
True
Is 288907 composite?
False
Is 884291 prime?
False
Is 117077701 prime?
False
Is 28451453 a composite number?
False
Is 3668299 prime?
True
Is 219441707 prime?
True
Is 11977153 a prime number?
True
Is 32517517 prime?
True
Is 50326061 a composite number?
False
Is 308306423 composite?
False
Is 14441177 a prime number?
False
Is 6541541 a prime number?
True
Is 423923 a prime number?
False
Is 97663 a prime number?
False
Is 310481 a composite number?
False
Is 1173845 prime?
False
Is 8662421 prime?
False
Is 187727 a prime number?
False
Is 1656817 a prime number?
False
Is 2522081 prime?
False
Is 24524583 composite?
True
Is 259019193 a prime number?
False
Is 3961121 a composite number?
False
Is 20709719 prime?
True
Is 4234621 a prime number?
False
Is 14696259 a composite number?
True
Is 2477203 composite?
True
Is 17007121 a composite number?
False
Is 1360663 a prime number?
False
Is 2481131 a prime number?
False
Is 4866469 a prime number?
True
Is 1157337579 prime?
False
Is